l + 41. Let t(a) = -36*a**3 - 49*a**2 + 48*a - 256. Let n(z) = -25*p(z) - 4*t(z). Calculate n(2).
-49
Let r(j) = -j**3 - 5*j**2 - 3*j - 1. Let w = 623 - 526. Let u = -101 + w. Calculate r(u).
-5
Let g(j) = -7*j**2 - j + 4. Let t(r) = 16*r**2 + 33*r + 2. Let x(z) = 2*g(z) + t(z). Give x(-15).
-5
Let d(w) = 14*w**2 + 71*w + 6. Suppose -352*m = 82*m + 1886 + 284. Give d(m).
1
Let i(u) = -447*u - 366*u + 822*u + 386. What is i(-43)?
-1
Let y = -25 - -18. Let g = 16 + y. Let t(k) = -6*k + g + 12*k - 2*k**2 + 3*k**2 - 14*k. Calculate t(6).
-3
Suppose 25*k + 600 = 16*k + 24*k. Let o(i) = -i**3 + 42*i**2 - 78*i - 87. Give o(k).
-7
Let s(y) = -37*y + 62. Let c(h) = -257*h + 440. Let t(o) = -3*c(o) + 22*s(o). What is t(1)?
1
Let i(v) = 1692*v**2 + 18 + v**3 - 823*v**2 + 53*v - 841*v**2. Let o be i(-26). Let u(b) = -b**2 - 10*b - 12. Determine u(o).
4
Let h(j) = -j**3 + 35*j**2 + 81*j - 241. Let n be h(37). Let i(p) = -13*p + 233. Determine i(n).
-1
Let x(j) = j**3 - 9*j**2 - 21*j - 1. Suppose 0 = 13*v - 18*v + 55. What is x(v)?
10
Suppose -4*k - 18 = -2*i, 18*i - 12 = 14*i - 4*k. Let a(j) be the third derivative of -j**4/12 + j**3/6 + 5*j**2. Calculate a(i).
-9
Let k(z) = 8*z + 3. Let l(o) = 7*o + 4. Let b be (-1 + 0)/((-2)/(-14)). Let h(f) = b*l(f) + 6*k(f). Suppose 4*d - 2*t = 8, 2*t - 124 + 132 = -5*d. Give h(d).
-10
Let r(n) = -98*n**3 - 31 + 50*n**3 + 47*n**3 + 15*n - 16*n**2. Determine r(-17).
3
Let c(s) = -27 + 171*s - 380*s + 188*s. Let f(k) = -14*k - 19. Let a(i) = 5*c(i) - 7*f(i). Determine a(-2).
12
Let t(z) = -z - 9. Suppose 2 = 3*l + 4*o + 22, o + 5 = 0. Suppose l = -55*x + 60*x + 30. What is t(x)?
-3
Suppose 45*b - 42*b + 26 = 2*k, -k - 2*b - 8 = 0. Let t(o) be the third derivative of -42*o**2 + 0 + 0*o + 1/6*o**k - 1/3*o**3 - 1/60*o**5. Calculate t(3).
1
Suppose 2*a - 15 = 3*r, -4*r + a = -0*a + 25. Let q(p) be the first derivative of -p**3/3 - 9*p**2/2 - 10*p - 1278. Determine q(r).
4
Let h(p) = 44*p - 95*p**2 + 85*p**2 - 45*p - p**3 - 17. What is h(-10)?
-7
Let g = 176 + -105. Let s = g + -68. Let z(v) = s*v**2 - 51*v**3 + 50*v**3 + 0*v + 5*v + 1. What is z(4)?
5
Let i(q) = 1088 + 1089 + 3*q - 2187. Let o be -2 + (1 - (-5 + 0)). Give i(o).
2
Suppose -5*r = 16*v - 18*v - 20, -5 = v. Let y(u) = -u**2 + 3*u - 3. What is y(r)?
-1
Let o(f) = f**3 + 6*f**2 + 9*f + 4. Let c be o(-2). Let b(z) = -3*z - 3. Let u(g) = -13*g - 12. Let v(w) = c*u(w) - 9*b(w). What is v(-6)?
-3
Let s(g) = 10*g + 5 + 5*g**3 - 3*g - 3 - 6*g + 0*g. Let u be s(-1). Let t(j) = 3*j + 5. Determine t(u).
-7
Let d(k) be the second derivative of k**5/20 + 5*k**4/6 + 5*k**3/3 + 13*k**2/2 + 7*k - 2. Let u = -345 + 336. Give d(u).
4
Let h(m) = 5*m**2 - m + 1. Let g(b) = -5*b**3 + 7*b**3 - 3*b**3 + 3*b - 28*b - 23*b**2 + 44 - 15*b. Let f be g(-21). Calculate h(f).
19
Let n(a) be the second derivative of -a**7/840 - a**6/720 - a**5/120 + 101*a**4/12 - 129*a. Let m(j) be the third derivative of n(j). Give m(-2).
-11
Let t(k) = -5*k**2 - 160*k + 73. Let g(m) = -4*m**2 - 138*m + 73. Let w(h) = -6*g(h) + 5*t(h). Give w(26).
-21
Let c(p) = p**3 + p**2 - 1. Suppose -2*k = 15 - 35. Suppose 2*u = -k, 5*u + 36 = -4*l + 11. Give c(l).
-1
Let r(p) = p**3 + 10*p**2 - 6*p - 5. Let o(z) = z**3 + 9*z**2 - 9*z - 4. Let g(m) = 3*o(m) - 2*r(m). Calculate g(-9).
-29
Let s be -1 - (3 + 2) - 786. Let p = s - -782. Let r(n) = 2*n. What is r(p)?
-20
Let n(k) = -k**3 + 10*k**2 + 9*k + 12. Suppose 8*b + 440 = 48*b. Give n(b).
-10
Let o(v) = v**3 + 3*v**2 + v + 2. Let d(f) = 2*f + 1. Let y be (-4 - 0)/((-6)/12*-4). Let b be (4 - 2)*(y - -1). Let m be d(b). Determine o(m).
-1
Let g(v) = v**2 - 7*v + 5. Let y be g(-6). Let z(r) = 72*r**3 + r**2 - 7*r + 7. Let m be z(1). Let a(s) = s - m - s - s + y. Calculate a(5).
5
Let q = -128 - 373. Let o = q + 506. Let u(a) be the second derivative of -a**5/20 + a**4/3 + a**3/2 + a**2/2 + a. Determine u(o).
-9
Suppose 43*s - 301 - 21 = 194. Let w(y) = y**3 - 11*y**2 - 10*y - 17. What is w(s)?
7
Let q(k) = -9*k - 27. Suppose -12*y - 27*y - 344 = 4*y. Give q(y).
45
Let s(l) = 5031 - 10192 + l**3 + 5162 - l**2. Let m(g) = g**3 - 7*g**2 + 1. Suppose -2*b + 2*n - 4 = -14, 2*n = 3*b - 17. Let f be m(b). Calculate s(f).
1
Let a(v) = -155*v + 1567. Let r be a(10). Let u(x) = -x**3 + 17*x**2 - x - 13. Give u(r).
-30
Let b(c) be the first derivative of 1/24*c**4 + 0*c - 1/120*c**6 + 1 + 1/60*c**5 + 23/2*c**2 + c**3. Let g(a) be the second derivative of b(a). Calculate g(0).
6
Let x(r) = -19*r - 704. Let j be x(-37). Let p(y) = y + 1. Give p(j).
0
Let g = 63 - 65. Suppose 5*j - 6 = -q, -3*q + 3 - 13 = j. Let v(i) = -j*i + 5 - 9 - i + 3. Determine v(g).
5
Let x = 18 - 6. Let g(r) = -13*r**2 - 4*r**2 - 13*r - 3*r**2 + 6 + 7*r**2 + 14*r**2. Calculate g(x).
-6
Let f(o) be the first derivative of -o**2/2 - 2*o + 12747. Suppose -3*q + 2*g - 9 = -6*q, 12 = 4*q - 2*g. Suppose q + 17 = -4*n. What is f(n)?
3
Let v(m) be the first derivative of m**3 - m - 1. Let z be ((-48)/(-40) - 1) + 2/(-10). Suppose -3*q + 4 = 3*k + k, -4*k - 4*q + 4 = z. What is v(k)?
2
Let q(k) = k**3 - 4*k**2 + 3*k - 1. Let v be (-8)/(-4)*(4 - 0). Suppose 56 - v = 24*j. Give q(j).
-3
Let j(b) = b**2 - 16*b - 159. Let y be j(23). Let g(l) = -13*l + 24. Determine g(y).
-2
Let w(s) = -s**2 + 16*s - 24. Let p be -18*((-38)/4 + 9). Suppose -p*q + 29 = -97. Determine w(q).
4
Let o(a) = -2*a - 4. Suppose -223 = -4*m + 5*r, 2*r = 8*m - 3*m - 300. Suppose 16*f + m = -34. Determine o(f).
8
Let m be (6/7)/(-4 + 81/21). Let x(z) be the third derivative of 3/2*z**3 + 0*z + 0 + 1/24*z**4 - 26*z**2. Determine x(m).
3
Let i be (3/15)/((-44)/(-110))*10. Let c(l) = -l**3 + 3*l**2 + 6*l + 7. What is c(i)?
-13
Suppose 0 = 5*p - 2*h - 15, -4*p + p - 5*h = -9. Let q(y) = 3*y + p*y - 2 - 4*y + 0*y - y. What is q(-5)?
-7
Suppose 4*b + 10 = 4*v - 2*v, 3*v - 3*b - 12 = 0. Let c(h) = -v*h + 98 + 96 - 197 + 0*h. Suppose 0*o + o = 3. What is c(o)?
-12
Let x(c) = -c**2 + 5*c + 4. Let k be (-84)/24 + 12/(-24). Calculate x(k).
-32
Let t(l) = 100*l + 503. Suppose 30 = -3*b + 5*z, -2*b + 77*z + 5 = 82*z. Calculate t(b).
3
Let f(i) be the second derivative of i**4/12 + i**3 - 2*i**2 - 20*i + 5. What is f(-7)?
3
Let u(z) = -2*z**2 - 128*z - 251. Suppose -2725 = -68*a - 2861. Give u(a).
-3
Suppose 0 = 4*w - 7*w + 9. Let m(q) be the third derivative of q**5/60 - q**4/24 - q**3/6 - 392*q**2. Determine m(w).
5
Let r(c) = c**3 - 11*c**2 - 17 + 16*c**2 + 11*c - 11*c**2 - 6*c**2 + 1. Let n = -354 - -365. Determine r(n).
-16
Suppose -4*y = -8 - 8. Let k be 0 + (0 - (-2)/1) + 29. Let x(w) = 25 - w - 84 + k + 33. Calculate x(y).
1
Let w(p) = p**3 + p**2 + 3*p - 1. Let d(t) = -6*t**3 + 41*t**2 - 62*t + 91. Let z(b) = -d(b) - 5*w(b). Determine z(45).
4
Let y = -534 - -532. Suppose 5 + 1 = 3*u. Let k(a) = -2*a**2 + a**u + 2 - a + 2*a**2. Determine k(y).
8
Let x be (0 + 2)*8/2. Suppose -7*r + x*r = -1. Let w(g) = 6*g + 1. Let c(a) = a. Let i(q) = -2*c(q) - w(q). Determine i(r).
7
Let i = -31 - -31. Let c be (i/(8/4) + -2)/2. Let q(s) be the second derivative of -s**5/2 + s**3/6 + 20*s. Give q(c).
9
Let v(w) = -22*w - 80. Suppose -4*c = -k + 23, 3*c + k + 19 = 14. Determine v(c).
8
Let y be (-8 + 54)/((-20)/10). Let g(v) = 2*v**2 + 48*v + 51. Calculate g(y).
5
Suppose -5*z - 15 = -3*o, -z - 8 = -o - 3. Let m be (-2 + (-16)/(-5))*o. Suppose t - 20 = m*t. Let q(g) = g**2 + 5*g + 3. Determine q(t).
-1
Let t be (-4 + (-80)/(-15))*(-1 + 4). Suppose l - 3*l - 5 = -r, r + t = -l. Let n(w) = -w + 1. Let s(g) = 5*g - 7. Let f(x) = r*s(x) - 6*n(x). Calculate f(-3).
-2
Let c = -48 - -48. Let g be (c - (-8)/4) + 41. Let n = 45 - g. Let m(u) = -2*u**2 + 4*u - 2. Give m(n).
-2
Let d(c) be the first derivative of -c**4/4 - c**3 - 4*c**2 - 12*c - 99. Give d(-3).
12
Let m(b) = b - 15. Suppose -4*a = 4*f - 656, 6*a + 3*f + 628 = 10*a. Let z = a + -160. Give m(z).
-15
Let a(f) = 1740 + 1720 - 3488 - f**2 + 32*f. Give a(31).
3
Let a(k) = k**2 - 5*k + 6. Suppose 1 + 11 = j. Let g(r) = -11 + 0*r**2 - 10*r + 19 + j + r**2. Let p be g(8). Determine a(p).
2
Let t(b) = b**3 + 15*b**2 - 37*b - 59. Suppose -57*z = 1071 - 221 + 119. Give t(z).
-8
Suppose -4*m - 10 = -2*b, -4*m + 0*m = 3*b - 15. Let r = 92 + -84. Suppose m = -2*u + r*u - 12. Let k(j) = -j**3 - j**2 + 1. What is k(u)?
-11
Supp